?
-6
Convert 5 (base 11) to base 13.
5
Convert 12 (base 4) to base 15.
6
-3 (base 10) to base 13
-3
Convert 132 (base 5) to base 12.
36
Convert 1100 (base 3) to base 7.
51
-1 (base 15) to base 3
-1
-8 (base 9) to base 4
-20
What is -233 (base 5) in base 11?
-62
-18a (base 15) to base 12
-257
-1 (base 6) to base 13
-1
Convert -255 (base 6) to base 14.
-79
-3 (base 10) to base 16
-3
What is 62 (base 8) in base 12?
42
Convert -4 (base 13) to base 3.
-11
26 (base 13) to base 15
22
33 (base 6) to base 12
19
-3 (base 16) to base 14
-3
Convert 2 (base 8) to base 15.
2
Convert 1 (base 7) to base 14.
1
Convert 5 (base 9) to base 4.
11
What is -6 (base 11) in base 4?
-12
What is -3000 (base 4) in base 13?
-11a
-1 (base 6) to base 8
-1
What is -1bc (base 13) in base 12?
-230
Convert 60 (base 8) to base 6.
120
-114 (base 6) to base 11
-42
What is 0 (base 13) in base 10?
0
What is 5 (base 16) in base 15?
5
What is 30 (base 9) in base 6?
43
What is -42 (base 8) in base 12?
-2a
a5 (base 11) to base 9
137
What is 103 (base 6) in base 8?
47
-64 (base 14) to base 15
-5d
What is 6 (base 8) in base 14?
6
Convert 16a (base 14) to base 5.
2130
-11 (base 9) to base 11
-a
Convert -1044 (base 5) to base 9.
-175
What is -27 (base 8) in base 15?
-18
Convert c (base 13) to base 4.
30
153 (base 12) to base 9
250
Convert 10100 (base 2) to base 4.
110
What is -3 (base 13) in base 9?
-3
What is -5 (base 13) in base 15?
-5
What is 3 (base 8) in base 11?
3
Convert -1 (base 3) to base 7.
-1
502 (base 6) to base 9
222
What is -7 (base 14) in base 2?
-111
Convert -3 (base 5) to base 6.
-3
What is -12 (base 10) in base 2?
-1100
Convert -2 (base 6) to base 5.
-2
What is -a7 (base 11) in base 3?
-11100
Convert -22 (base 8) to base 14.
-14
Convert a (base 11) to base 12.
a
Convert c (base 16) to base 9.
13
322 (base 5) to base 14
63
Convert -113 (base 4) to base 15.
-18
What is 1 (base 3) in base 9?
1
-2 (base 10) to base 16
-2
111 (base 2) to base 5
12
Convert -2 (base 16) to base 2.
-10
26 (base 10) to base 3
222
Convert -3 (base 15) to base 7.
-3
Convert 19 (base 12) to base 15.
16
Convert -1 (base 11) to base 7.
-1
Convert 1 (base 12) to base 7.
1
Convert 24 (base 8) to base 7.
26
106 (base 12) to base 3
12120
Convert -24 (base 9) to base 4.
-112
-111 (base 8) to base 14
-53
Convert 1 (base 4) to base 12.
1
What is -100 (base 2) in base 12?
-4
21 (base 4) to base 2
1001
Convert -5 (base 8) to base 9.
-5
1 (base 10) to base 14
1
-2 (base 7) to base 2
-10
Convert 1 (base 15) to base 8.
1
What is 1 (base 2) in base 7?
1
What is 3201 (base 4) in base 16?
e1
38 (base 12) to base 10
44
What is 0 (base 14) in base 10?
0
Convert -2 (base 8) to base 13.
-2
What is -10 (base 3) in base 12?
-3
9 (base 10) to base 12
9
1a7 (base 14) to base 5
2333
Convert 3 (base 10) to base 15.
3
What is -d (base 16) in base 4?
-31
-1 (base 7) to base 4
-1
2 (base 9) to base 15
2
1b (base 12) to base 11
21
11 (base 5) to base 12
6
What is 24 (base 16) in base 7?
51
-12 (base 14) to base 9
-17
What is -1 (base 14) in base 3?
-1
Convert 14 (base 6) to base 5.
20
Convert 24 (base 5) to base 15.
e
-314 (base 6) to base 9
-141
-3 (base 4) to base 7
-3
Convert -2 (base 11) to base 8.
-2
35 (base 10) to base 16
23
What is 53 (base 14) in base 10?
73
What is -86 (base 14) in base 11?
-a8
What is -51 (base 7) in base 2?
-100100
1 (base 3) to base 2
1
-174 (base 10) to base 16
-ae
342 (base 6) to base 14
98
-3 (base 7) to base 5
-3
What is -a2 (base 13) in base 10?
-132
What is -45 (base 11) in base 5?
-144
What is 2201 (base 3) in base 7?
133
What is 1 (base 6) in base 10?
1
What is -12 (base 12) in base 16?
-e
Convert -31 (base 9) to base 7.
-40
Convert -c5 (base 13) to base 3.
-12222
-6 (base 15) to base 13
-6
What is -20 (base 5) in base 10?
-10
151 (base 7) to base 5
320
Convert 1c9 (base 13) to base 9.
411
What is 20 (base 3) in base 9?
6
What is -32 (base 11) in base 8?
-43
Convert 0 (base 3) to base 14.
0
-31 (base 12) to base 4
-211
Convert -a (base 14) to base 9.
-11
16 (base 14) to base 10
20
-2 (base 9) to base 14
-2
Convert 5 (base 12) to base 13.
5
What is 1 (base 11) in base 10?
1
What is 7 (base 15) in base 7?
10
Convert 0 (base 13) to base 9.
0
What is 0 (base 9) in base 2?
0
Convert 0 (base 14) to base 11.
0
Convert -1010 (base 2) to base 10.
-10
8 (base 14) to base 5
13
-1 (base 5) to base 8
-1
What is 14 (base 12) in base 7?
22
11 (base 2) to base 9
3
Convert 0 (base 13) to base 11.
0
-16 (base 13) to base 10
-19
Convert 30 (base 9) to base 13.
21
What is -5a (base 14) in base 12?
-68
Convert -3 (base 10) to base 14.
-3
What is -23 (base 8) in base 14?
-15
What is -7 (base 15) in base 13?
-7
-8 (base 16) to base 15
-8
Convert 4 (base 5) to base 2.
100
-1 (base 9) to base 5
-1
What is 51 (base 10) in base 9?
56
What is 221 (base 4) in base 15?
2b
Convert 1 (base 4) to base 7.
1
Convert -20 (base 14) to base 11.
-26
13 (base 16) to base 2
10011
What is -12 (base 3) in base 10?
-5
What is -40 (base 6) in base 7?
-33
-5 (base 7) to base 3
-12
Convert -fb (base 16) to base 5.
-2001
-100111 (base 2) to base 3
-1110
-10000 (base 3) to base 5
-311
-35 (base 11) to base 12
-32
1100111 (base 2) to base 6
251
Convert -10 (base 4) to base 2.
-100
-21 (base 4) to base 8
-11
What is -38 (base 11) in base 16?
-29
Convert -213 (base 9) to base 11.
-149
-26 (base 9) to base 3
-220
Convert -7e (base 15) to base 3.
-11102
-e (base 15) to base 6
-22
What is -148 (base 10) in base 4?
-2110
Convert -111 (base 2) to base 6.
-11
Convert 10 (base 8) to base 15.
8
-25 (base 7) to base 12
-17
-170 (base 8) to base 4
-1320
196 (base 11) to base 10
226
What is -22 (base 4) in base 16?
-a
133 (base 4) to base 2
11111
Convert 155 (base 8) to base 7.
214
Convert 48 (base 12) to base 7.
110
34 (base 5) to base 10
19
What is -8 (base 12) in base 3?
-22
Convert -33 (base 7) to base 9.
-26
What is -12 (base 4) in base 13?
-6
-39 (base 14) to base 8
-63
-3 (base 15) to base 11
-3
2 (base 14) to base 4
2
What is -12 (base 5) in base 8?
-7
Convert 0 (base 8) to base 4.
0
What is 1 (base 6) in base 15?
1
What is 1000 (base 6) in base 3?
22000
Convert 300 (base 10) to base 15.
150
-45 (base 13) to base 16
-39
What is -1000 (base 3) in base 10?
-27
Convert 21 (base 8) to base 15.
12
9 (base 14) to base 8
11
18 (base 13) to base 7
30
19 (base 14) to base 9
25
-126 (base 10) to base 4
-1332
-4 (base 13) to base 9
-4
3 (base 14) to base 15
3
Convert 5 (base 10) to base 14.
5
Convert 53 (base 8) to base 10.
43
Convert 0 (base 2) to base 15.
0
-2 (base 16) to base 4
-2
-89 (base 10) to base 9
-108
15 (base 11) to base 10
16
Convert 3 (base 9) to base 4.
3
What is 0 (base 5) in base 16?
0
6 (base 13) to base 11
6
-10 (base 2) to base 16
-2
70 (base 8) to base 15
3b
Convert 10 (base 14) to base 9.
15
Convert 2 (base 11) to base 4.
2
38 (base 13) to base 2
101111
Convert 100 (base 2) to base 9.
4
9 (base 11) to base 3
100
What is -28 (base 13) in base 16?
-22
Convert -1112 (base 3) to base 9.
-45
What is 42 (base 7) in base 16?
1e
What is 12 (base 13) in base 5?
30
-2 (base 10) to base 3
-2
What is 335 (base 6) in base 9?
155
What is -1 (base 12) in base 8?
-1
Convert -1 (base 13) to base 3.
-1
13a (base 13) to base 14
118
1 (base 16) to base 5
1
Convert -12313 (base 4) to base 7.
-1165
Convert -43 (base 5) to base 9.
-25
What is -3a (base 16) in base 7?
-112
Convert -3 (base 9) to base 4.
-3
-1 (base 2) to base 4
-1
3 (base 9) to base 14
3
3 (base 4) to base 5
3
-12001 (base 3) to base 8
-210
What is -233 (base 11) in base 15?
-138
27 (base 8) to base 16
17
2011 (base 3) to base 9
64
-40 (base 10) to base 14
-2c
Convert -10222 (base 3) to base 5.
-412
-1e (base 15) to base 3
-1002
5 (base 7) to base 10
5
What is -3 (base 14) in base 9?
-3
What is -12 (base 3) in base 7?
-5
What is 131 (base 5) in base 9?
45
-22 (base 9) to base 15
-15
What is 20 (base 10) in base 15?
15
What is 27 (base 8) in base 15?
18
Convert 11 (base 2) to base 8.
3
21 (base 5) to base 3
102
What is -4 (base 12) in base 8?
-4
3 (base 7) to base 13
3
What is -4 (base 6) in base 7?
-4
-7 (base 13) to base 12
-7
What is -12 (base 7) in base 10?
-9
Convert 24 (base 6) to base 10.
16
133 (base 5) to base 16
2b
-465 (base 9) to base 14
-1d5
What is 4 (base 13) in base 14?
4
-